the prime factors of (1 + 0)/(67/120265)?
5, 359
Let n = -48 + 57. Suppose 3*l - n = 2*l. What are the prime factors of l?
3
Let v(w) = -13*w - 5. Let y be v(-3). Suppose 0*i - i = 15. Let o = y + i. What are the prime factors of o?
19
Suppose 4*u = -4, 2*m + 4*u + 4 = 5*m. Suppose 0*s + s + 1 = m. List the prime factors of 2 - (s + 3) - -5.
5
Let m = -788 - -1149. What are the prime factors of m?
19
Suppose -2*z - 2250 = -5*i - 6*z, -5*i + 2285 = -3*z. List the prime factors of i.
2, 227
Let d = 3 + 1. Let b be 84/49 - d/(-14). List the prime factors of 46/b*(-1 + 2).
23
Let a be -2*(5 + 2 + 1) + -3. Let n(c) = -c**3 - 20*c**2 - 22*c - 27. List the prime factors of n(a).
2, 3, 5
Suppose 22*h - 17*h - 6969 = -4*i, -2*i = -4*h - 3452. List the prime factors of i.
2, 7, 31
Suppose 4*n - 3118 = -5*f + 1953, 3*f + 5*n = 3053. List the prime factors of f.
3, 337
Suppose -5*p + 45 = -5*y, 5*p = y + y + 33. Suppose -766 = -p*t + 3*k, 0 = -5*t - 2*k + k + 758. List the prime factors of t.
2, 19
Suppose 4 = 4*g + 4*k, -2*g + 3*k - k = 2. Suppose -3 = -g*n - n. Suppose 2*z + 0*z - 5*u - 31 = 0, n*z - 33 = 3*u. List the prime factors of z.
2
Suppose -2*t - t = 18. List the prime factors of (196/t*3)/((-2)/4).
2, 7
Let q = 301 - 180. Suppose 0*j - j + q = 0. List the prime factors of j.
11
Let y(u) = -25*u**2 + 4*u + 25. Let p be y(5). Let k = p + 818. List the prime factors of k.
2, 7, 17
Let k = 32 + -29. Suppose -51 - 7 = -k*b - 5*m, 2*m = -2*b + 36. What are the prime factors of 776/b - 1/(-2)?
7
List the prime factors of (-66)/495 + (-12124)/(-30).
2, 101
Let v = -527 + 811. List the prime factors of v.
2, 71
Let q(w) = w**3 + 5*w**2 - 33*w + 16. What are the prime factors of q(10)?
2, 593
Let x = 30 - 77. Let z(j) = -j**2 - 8*j - 17. Let o be z(-9). Let u = o - x. What are the prime factors of u?
3, 7
Let p = 113 + -113. Suppose p = 5*z - 2*l - 336, -z - 3*z - 4*l = -252. What are the prime factors of z?
2, 3, 11
Let a(b) = -2 + 8 + 7*b + 4 - 3. Let t(w) = -w**2 - 9*w + 29. Let n be t(-11). List the prime factors of a(n).
2, 7
Let h = -16 + 21. List the prime factors of h/1 - (1 + -1).
5
Suppose 0 = 43*c - 41*c - 1318. List the prime factors of c.
659
Let r be (-75)/(-10)*(-4)/6. Let j be r/4 + 6/24. List the prime factors of (-3)/(1/9*j).
3
Let r(g) = g**3 + 7*g**2 - 9*g - 3. Let k be r(-8). Suppose 0 = -3*u - c - k, -3*u = -6*u + 5*c + 7. What are the prime factors of u + (-6)/3 + 61?
2, 29
Suppose 3*o + 104 = 752. Suppose 0 = -3*v + 5*z + 138, -v = 3*v + 4*z - o. List the prime factors of v.
3, 17
Suppose -l + 4*l - 9 = 0, 2*j - l - 1539 = 0. List the prime factors of j.
3, 257
Let d(y) = -y + 14. Let r be d(3). Suppose 15 = -5*v, -7*b = -2*b - 3*v - 4. Let o = r + b. List the prime factors of o.
2, 5
Let f(a) = 29*a**2. Let s be f(-1). Let o = s - 15. List the prime factors of ((-8)/3)/(o/(-21)).
2
Let t = 24 - -138. List the prime factors of t.
2, 3
Let f(u) = 12*u**2 + 7*u + 4. Let i be f(-7). Suppose -4*y + 0*y = m - i, 0 = 2*y - m - 267. What are the prime factors of y?
3, 5
Suppose -38*f - 27504 = -54*f. What are the prime factors of f?
3, 191
Let j(c) be the first derivative of -7*c**2 + c + 1. Let z be j(-1). Suppose -6 - z = -3*l. List the prime factors of l.
7
Let m be ((-3050)/183)/(0 - 1/(-1128)). List the prime factors of (-4)/(-38) - m/95.
2, 3, 11
What are the prime factors of -3 - (-4 - -5)*-699?
2, 3, 29
Let i = -2005 + 3076. What are the prime factors of i?
3, 7, 17
Let x(d) = 2*d**2 + 5*d + 4. Let w be x(-2). Suppose w*g - 5*g = -6. List the prime factors of g.
2
Let d(r) be the third derivative of r**5/60 - r**4/12 + r**3/3 - 3*r**2 - 8. Let j = -11 - -18. What are the prime factors of d(j)?
37
Let x = 14 + -32. Let h = 22 - x. Let r = h + 13. What are the prime factors of r?
53
Let b(p) = 16*p + 61. What are the prime factors of b(12)?
11, 23
Suppose -2*o = -51 - 307. What are the prime factors of o?
179
Let p(h) = h + 1. Let w(j) = 19*j - 8. Let l(k) = 2*p(k) - w(k). List the prime factors of l(-8).
2, 73
Suppose -z - 1126 = -537*y + 532*y, -228 = -y + 3*z. What are the prime factors of y?
3, 5
Let f = -234 - -941. What are the prime factors of f?
7, 101
Let c be (-2 + 3)/2 - 5/(-2). Let d(q) = -q**2 - 4*q + 2. Let t(x) = x**2 + 3*x - 1. Let i(p) = 4*d(p) + 5*t(p). What are the prime factors of i(c)?
3
What are the prime factors of (13020/8)/((-16)/(-32))?
3, 5, 7, 31
Let g(z) = 344*z + 311. What are the prime factors of g(11)?
3, 5, 7, 13
Let b = -55 + 58. Suppose t - 424 = -5*q, -251 = -b*q - 2*t - 2*t. List the prime factors of q.
5, 17
Suppose -2*j = -r - 4*r + 7, 0 = -4*j - 4*r + 28. Suppose 3*i + 0*i + z = 273, 5*z = j*i - 345. List the prime factors of i.
2, 3, 5
List the prime factors of (-1280)/(-3)*1668/695.
2
Let w(v) = -4*v**2 + 9*v + 12. Let p(k) = 5*k**2 - 9*k - 11. Let f(a) = 3*p(a) + 4*w(a). Let t be f(14). Let j = 99 + t. What are the prime factors of j?
2, 11
Let w(d) = 28*d**2 + 15*d + 26. List the prime factors of w(-5).
3, 7, 31
Let o(f) be the first derivative of -9/2*f**2 + 5 + 3*f. What are the prime factors of o(-3)?
2, 3, 5
Let l(m) = 54*m**2 + 14*m - 7. What are the prime factors of l(-3)?
19, 23
Let k = -175 + 754. What are the prime factors of k?
3, 193
What are the prime factors of (8/((-48)/231))/((-3)/114)?
7, 11, 19
Suppose 7*h - h = -180. What are the prime factors of 489/45 + (-4)/h?
11
List the prime factors of 15/55 - 399660/(-132).
2, 757
Suppose 20*z - 16*z + 2*t = 922, 15 = -5*t. What are the prime factors of z?
2, 29
Let v = 255 - 118. Let q = v - -64. List the prime factors of q.
3, 67
Let s = -1031 + 2204. List the prime factors of s.
3, 17, 23
Let v(n) = 39*n. Suppose 18 = -t + 4*a, 8*t = 3*t + 3*a - 5. Let s be 2/(-4) - (-3)/t. List the prime factors of v(s).
3, 13
Let d(w) = -9*w - 42. Let j be d(-5). Let r(b) = 7*b**2 + 4*b + 1. List the prime factors of r(j).
2, 19
Let d = 2582 + -71. List the prime factors of d.
3, 31
Let u = 11031 + -4977. What are the prime factors of u?
2, 3, 1009
Suppose 23*m + 2467 = 6032. List the prime factors of m.
5, 31
Suppose -44 = -19*z + 8*z. What are the prime factors of 2/(3/(138/z))?
23
Let i = -26 + 31. Suppose 2*y - z = 1, -i*y - 4*z + 26 + 9 = 0. Suppose 5*b = -10, 0 = y*l + 2*b + b - 138. What are the prime factors of l?
2, 3
Suppose 0 = -u + 4*u - 9, -5*u = s + 5. Let f = -6 - s. Let w = f - 6. List the prime factors of w.
2
Let d(t) = 174*t - 66. List the prime factors of d(5).
2, 3, 67
Let i = 189 + -93. List the prime factors of i.
2, 3
List the prime factors of (((-106)/(-6))/1)/((-7)/(-21)).
53
Let v = -14 + 12. Let r be 605/20 - v/(-8). Suppose 94 = 4*t + r. What are the prime factors of t?
2
Suppose -61 = -5*c + 44. Suppose -c = -0*w - 3*w. Let i(n) = 3*n + 10. List the prime factors of i(w).
31
Let v = 30 - 30. Let n(t) = -t**3 + 4 + 0*t + 0*t + t. List the prime factors of n(v).
2
Let b(a) = 53*a**2 + 4*a - 7. What are the prime factors of b(5)?
2, 3, 223
Suppose -320 = -q + w, -5*q - 798 = -3*w - 2388. Suppose -q = -10*m + 5*m. List the prime factors of m.
3, 7
Let k be 10/(1 - -1) + -2. Suppose -3*l + l = 3*p - 115, -l + 59 = k*p. What are the prime factors of l?
2, 7
What are the prime factors of 398068/220 + (8/5 - 2)?
3, 67
Let z = -49 + 107. Let p(q) = -q**3 - 7*q**2 - 2*q + 9. Let t be p(-7). Let v = z - t. What are the prime factors of v?
5, 7
Suppose 0 = -0*a - a + 12. Suppose a = 5*o - o. What are the prime factors of 2*((-46)/(-4) + o)?
29
Let c(q) be the first derivative of q**3 - 8. Let m be c(1). Suppose s + 4*t - 27 = 0, -4*t = -4*s - m*t + 193. What are the prime factors of s?
47
Let n(t) = 292*t - 897. What are the prime factors of n(10)?
7, 17
Suppose -4*l - 108 = -13*l. Suppose -l = -g + 9. List the prime factors of g.
3, 7
List the prime factors of (24/10 + -4)*1460/(-8).
2, 73
Let v(l) = 16*l**3 + l**2 - 2*l + 2. Let t be v(-2). Let f = 281 + t. Suppose -3*p + f = -4*r, -6*p + 5*r + 265 = -p. List the prime factors of p.
7
Suppose 0 = -4*p + 5 + 15. Let d(h) = 19*h - 18. What are the prime factors of d(p)?
7, 11
Let a(i) = 164*i - 289. What are the prime factors of a(16)?
5, 467
Let n = 3156 + 1176. List the prime factors of n.
2, 3, 19
Let u = -125 - -197. Suppose 103 = 5*n - u. Suppose h - 4 = n. List t